+ 87. Suppose -q - 4*w = -z, -2*w + 0*w = -2*q. Give h(q).
-2
Suppose 8 + 4 = 4*b. Suppose -k + 0*k = -b. Let q(i) = i + k*i**2 + 3 - 4*i**2 + 0*i**2. Calculate q(4).
-9
Let r(v) = 13*v**3 + 1 - 16*v**3 + 0. Give r(1).
-2
Let r(i) = 3 - 17 + 6 - i + 5 + i**2. What is r(-3)?
9
Let h(l) be the first derivative of -7*l**4/4 + l**2/2 - l - 32. Calculate h(1).
-7
Let s(d) be the second derivative of 0*d**2 - 1/2*d**3 + 1/4*d**4 + d + 0. Let j(y) = y**3 - 4*y**2 + 2. Let a be j(4). Determine s(a).
6
Let a(g) = -g**3 - g + 1. Let n(y) = -6*y**3 - 2*y**2 - 7*y + 3. Let q(l) = -5*a(l) + n(l). Give q(-2).
2
Let g = -5 + 2. Let z = -9 - g. Let k(r) = -r. Determine k(z).
6
Let w(l) = 31 + 0*l + 0*l + l - 32. What is w(2)?
1
Let n(l) = -l**2 - 5*l + 6. Suppose j + 7 - 2 = 0. Determine n(j).
6
Let n(a) = -3*a**3 + a**2 - a + 3. Let y(v) = -4*v**3 + 3. Let d(p) = 5*n(p) - 4*y(p). What is d(-6)?
-3
Let j = 4 + -2. Let u(q) = -10*q**2 + 4 - 3 + q**j. Let y be (-2)/6 + 8/6. Determine u(y).
-8
Let m(d) = -3 - 4 + d**2 + 4. Suppose -4*h - 6 = -5*a, -a - 6 = 4*a - h. Let x be 2 + -2 + -1 + a. Give m(x).
6
Suppose 20 + 10 = c. Suppose 10 = -5*d + c. Suppose d*u + 6 = -3*l, -5*l - u + 0*u = -7. Let b(j) = j. What is b(l)?
2
Suppose 5 - 2 = 3*r. Let x be (4*r)/((-2)/(-1)). Let o(a) = -3*a + 2 - 3*a**x - 4 - a**3 + 2*a. Determine o(-3).
1
Let o(i) = -i**2 + i - 2. Suppose -4*g + 3*g = -4*k - 2, 0 = -g + 2. Give o(k).
-2
Let k(v) = -12*v**3 - 5*v**2 + 7*v - 7. Let p(n) = 6*n**3 + 3*n**2 - 4*n + 4. Let o(l) = -3*k(l) - 5*p(l). Give o(1).
6
Let j(m) = m**2 + 7*m - 8 + 0*m**2 - 14*m. Determine j(7).
-8
Let h(i) be the second derivative of i**4/12 + i**3/2 - 5*i**2/2 + i. Calculate h(-4).
-1
Let y(x) = x**3 - 6*x**2 + 3*x. Let z(u) = -u**3 - 5*u**2 - 3*u + 9. Let h be z(-4). What is y(h)?
-10
Let u(o) be the second derivative of -o**4/6 - o**3/3 + 2*o**2 - 8*o. Calculate u(-3).
-8
Let k(s) = -6*s. Suppose 1 = -2*o - 5. Let p be (6/(-3) - o)/(-1). What is k(p)?
6
Let w be (-1)/1 + 1 + 5. Let k(d) = d**3 - 6*d - 3. Let a(v) = 2*v**3 - v**2 - 12*v - 7. Let b(h) = w*k(h) - 2*a(h). Give b(-4).
-9
Let f(c) = c**2 + c. Let l(t) = -4*t**2 - 5*t - 1. Let a(d) = -6*f(d) - l(d). Let q(j) be the first derivative of a(j). Suppose 2 = -5*k - 3. Determine q(k).
3
Let r(c) be the first derivative of -c**2/2 - 3*c + 1. Let o(i) = -5*i + 20. Let p be o(4). Let d be r(p). Let u(v) = -v**3 - 3*v**2 + 2*v + 2. What is u(d)?
-4
Let a(d) = -3 + 10*d - 18*d + 10*d. Let f be 3/1 + (4 - 4). What is a(f)?
3
Let x be 8/(-1)*(-9 + (-6 - -14)). Let o(j) = -j**3 + 9*j**2 - 9*j + 9. What is o(x)?
1
Let n(r) = 5*r**2 - 3*r - 2. Let y(d) = d + 1. Let o(v) = -n(v) - 3*y(v). Let g be ((-27)/(-6))/(-9)*-2. Give o(g).
-6
Suppose 0 = 3*h - 2*g + 2, -5*g = -0*h + 2*h - 24. Let d(n) = 3*n. What is d(h)?
6
Let l(h) = -3 + 11*h**2 - 8*h**2 - h + 5*h - 6*h**2. Let x be -2*(-1*1 - 0). Determine l(x).
-7
Let n be (-4)/(-16) - (-34)/(-8). Let w = 7 + n. Let d(u) be the first derivative of -u**4/4 + 5*u**3/3 - 5*u**2/2 + 2*u + 1. Calculate d(w).
5
Let u(l) be the first derivative of l**3/3 - 4*l**2 + 6*l + 1. Let k(p) = -5 - 3*p**3 + 10 + 2*p**3 + 5*p - 4*p**2. Let s be k(-5). Give u(s).
-9
Suppose -3*o = -1 - 5. Let h(c) = -4*c + 3. What is h(o)?
-5
Let o(f) = f**2 - 7*f - 4. Let z be o(8). Let j(m) = -8*m + z*m - m. Determine j(2).
-10
Let b(j) = 3*j**2 + 24*j + 16. Let t(u) = -2*u**2 - 16*u - 11. Let v(m) = 5*b(m) + 7*t(m). Determine v(-6).
-9
Let v(m) = m**3 - m**2 - m + 1. Let d be v(2). Let h(t) = 2*t**3 - 3*t**2 - 4*t - 1. Calculate h(d).
14
Let t(d) = 9*d + 9. Let c(r) = 13*r + 14. Let q(f) = 5*c(f) - 7*t(f). Suppose 0 = -g - 7 + 1. What is q(g)?
-5
Let w(m) = 3*m**2 - 3*m**3 + 1 - 4*m**2 - 2*m - 2 + 4*m**3. Give w(-1).
-1
Suppose -3*i + i + 16 = 0. Suppose t = 4 - i. Let f(g) be the first derivative of -g**4/4 - g**3 + 5*g**2/2 - g - 1. Give f(t).
-5
Let b(y) = -3*y + 2. Suppose 0 = -3*l + 2*l - a + 1, 0 = 3*l + 4*a - 1. What is b(l)?
-7
Let o = -12 - -14. Let q(m) = 0*m**2 - 6 + 2*m**o - 4*m + 9. Calculate q(2).
3
Let j(b) = -6*b**3 + 9*b**2 - 3*b + 2. Let y(z) = -z**3 + z**2 + 1. Let d(q) = -j(q) + 5*y(q). What is d(3)?
3
Suppose 2*o - 4 = 0, -4*m - 3*o + 30 = -0*m. Suppose 11 = -5*v + 1. Let s = m + v. Let n(j) = 3*j - 6. What is n(s)?
6
Let z(f) be the third derivative of -f**6/120 - 2*f**5/15 - f**4/6 + 5*f**3/6 + 14*f**2. Determine z(-7).
-16
Let u(i) be the first derivative of -3*i**4 - i**2/2 + 23. Calculate u(-1).
13
Let r(u) be the third derivative of u**6/120 + u**5/60 - u**4/24 + 4*u**3/3 + u**2. Let d(f) = f + 4. Let l be d(0). Suppose 0*m + l*m = 0. Give r(m).
8
Let v(r) = -r**2 + 6*r - 4. Let j be v(4). Let z(b) = -4*b + 4. Determine z(j).
-12
Let m(v) = 3 + 6*v**2 - 4*v - v**3 - 1 - v**2. Give m(3).
8
Let k(i) = -7*i**3 - 12*i**2 + 7*i + 16. Let q(m) = 11*m**3 + 18*m**2 - 11*m - 24. Let v(z) = 8*k(z) + 5*q(z). Suppose -6*t = -2*t + 24. What is v(t)?
2
Let m(t) = -6*t + 1. Let j(y) = y. Let k(l) = 3*j(l) + m(l). Suppose 0 = x - 3, 4*x - 5 = -2*p + 9. Calculate k(p).
-2
Let p(u) = -3*u + 12. Let s(q) = -q. Let i(k) = p(k) - 2*s(k). Let f be 4/12 + 2/(-6). What is i(f)?
12
Let g(l) = l**3 - 7*l**2 - 8*l + 5. Let n(t) = t**3 - 8*t**2 - 9*t + 6. Let m(c) = -3*g(c) + 2*n(c). What is m(6)?
-3
Suppose -2*d + 27 = d. Suppose 0*b - d = 3*b. Let r(a) = -2*a**2 - 3*a - 3. Determine r(b).
-12
Let v be (-27)/6*(3 + -5). Let d(t) = 2*t + 3*t**2 + 4*t**2 - 1 - 2*t**3 - v*t**2. Give d(1).
-3
Let h(y) = -7*y**3 + y**2 + 11*y + 7. Let p(u) = -4*u**3 + u**2 + 6*u + 4. Let w(s) = 3*h(s) - 5*p(s). Give w(-2).
-5
Let o(z) be the second derivative of z**4/12 - z**3/6 - 5*z**2/2 + 3*z. Give o(0).
-5
Let y(f) = 19*f**3 - 2*f**2 + f. Let c = 13 - 12. What is y(c)?
18
Let c(z) = -z + 10. Let o be c(6). Let y(m) = 2*m**2 + m**2 + 4*m - o*m**2. What is y(5)?
-5
Let g(w) = -w**2 - 5*w + 2. Suppose 10 - 2 = -2*r. Give g(r).
6
Let t(p) be the third derivative of p**6/120 - p**5/60 - 5*p**4/24 + 2*p**3/3 - p**2. Let o(a) = a + 4. Let l be o(-1). Calculate t(l).
7
Let l(d) = 7*d - 2. Let s(w) = -w + 6. Let f be s(7). Let t be f/((-2)/20*2). Let o(p) = 4*p - 1. Let h(c) = t*o(c) - 3*l(c). What is h(2)?
-1
Let u(q) = q + 1. Let c be u(-1). Let r(p) be the second derivative of -p**3/6 + 4*p**2 + 3*p. Determine r(c).
8
Let d(q) = q - 4. Suppose 4*o = 3*j + 28, -5*j + 0 = -o + 7. Suppose -f = 3*f + 4. Let c = o + f. Calculate d(c).
2
Let b(v) = 20 + 17 + 24 + v**2 - v - 60 + 23*v**3. What is b(1)?
24
Suppose -5*n - 3*k - 13 = -4*n, -2*k = 3*n + 4. Suppose n = 2*d - 5*z, -3*z + 2 = -d + z. Let s(h) = -h**2 + 6*h - 2. Calculate s(d).
-2
Let p be (-6)/9 - (-174)/18. Let i(t) = -3*t + t + p - 10 + 3*t. Calculate i(-6).
-7
Let r(u) = -u**3 + 8*u**2 - u + 9. Let z be r(8). Let y(q) = 21*q - 3*q - 15*q + 1. Calculate y(z).
4
Let l(x) = -x + 2. Let h(z) = 2. Let q(u) = 3*h(u) - 2*l(u). Give q(-2).
-2
Let b(f) be the first derivative of f**3/3 - 4*f - 3. Give b(-3).
5
Let j(b) = -b**3 + 10*b**2 - b + 3. Let z(n) = n**3 - 11*n**2 + 2*n - 4. Let a(r) = -6*j(r) - 5*z(r). Determine a(6).
14
Let w = 40 - 34. Let r(g) = -g + 13. Determine r(w).
7
Let l(f) = f**2 + 8*f + 6. Let x = -104 + 98. Determine l(x).
-6
Let f(c) be the second derivative of -c**4/12 - c**3/2 - 3*c**2/2 + c. Let d = 12 - 10. Let s be (3 + -7)/(d*1). Determine f(s).
-1
Suppose 5*w - 51 = 4*m + 27, -5*w = 5*m + 75. Let y = m + 12. Let a(s) be the first derivative of s**3/3 + 5*s**2/2 - 2*s - 1. Give a(y).
-2
Let r(n) = 2*n. Let p = 31 - 28. What is r(p)?
6
Let r(b) = b - 7. Let k(a) = 1. Let y(m) = 5*k(m) - r(m). Determine y(0).
12
Let c(d) = -d - d + 2*d + d**2 - 2*d. Suppose -w - 2 + 3 = 0. Determine c(w).
-1
Let u(j) = 6*j + 5. Let h(m) = -4*m + 2. Let i(p) = -p + 1. Let r(f) = -h(f) + 3*i(f). Let v(x) = 4*r(x) - u(x). Let q = -13 - -9. Determine v(q).
7
Let u(w) = w**2 + 5*w + 3. Let n(m) = m**3 - 9*m**2 - 12*m + 15. Let r be n(10). Determine u(r).
3
Let i(o) = 8*o**3 - o**3 - o**2 - 5*o**3 + 1. Suppose 8*a - 10 = 3*a. What is i(a)?
13
Let o(x) = -2*x + 3. Let q be o(2). Let b = 4 - q. Let s(h) = -b*h**2 + h**3 + 6*h - 4 - h + 0*h. What is s(4)?
0
Let c(s) = 13*s - 1. Let d be -2 + 1 + 5/1. Suppose -3*o + o = d. Let u be ((-2)/o)/(2 + -1). Give c(u).
12
Suppose -5*g = -8